the third derivative of 0*m + 1/12*m**4 + 0 + 0*m**5 - 1/180*m**6 + 0*m**3 - 4*m**2. Let i(r) be the second derivative of g(r). What is i(-2)?
8
Let l(w) be the third derivative of -w**4/12 - 14*w**3/3 + 2*w**2 + 97*w. Give l(-9).
-10
Let v(m) = m + 3. Suppose -10 = 3*b + 8. Let n be (-3)/b*(-1 + 1). Suppose -4 = 4*y + 3*h + 4, n = 4*y + 4*h + 4. Give v(y).
-2
Let s(p) = p**2 + 7*p - 4. Let n(h) = -h - 15. Suppose 0 = -97*w + 95*w - 16. Let i be n(w). Calculate s(i).
-4
Let g(d) = 28*d**2 + 3*d - 53*d**2 + 23*d**2 + 3. Give g(3).
-6
Let g(q) = -q + 16. Let u be 2 + 30/(-25)*-5. Calculate g(u).
8
Let y(q) = q**2 - 2*q - 1. Let g(d) = 8*d**2 + 9*d + 4. Let b(v) = g(v) + 5*y(v). Let s be (2/5)/(8/(-20)). What is b(s)?
13
Let w be (2/2)/(-8*5/(-400)). Let x(g) = g**2 - 12*g + 8. Give x(w).
-12
Suppose 9 = -43*t + 40*t. Let u(a) = a**2 - 2*a - 1. Determine u(t).
14
Let o(w) be the second derivative of w**4/12 + 5*w**3/6 + 3*w**2/2 + 105*w. Give o(-6).
9
Suppose -2 = -2*y + 2. Let g(i) = -9 - 3*i**2 + 4*i**2 + 7*i - 2*i**y. Let d be (2/(-10) + 1)/(2/15). Calculate g(d).
-3
Let z(f) be the first derivative of -f**4/4 + 7*f**3/3 + 5*f**2/2 - 9*f - 43. What is z(7)?
26
Let s(d) = -d**3 + 9*d**2 + 2*d - 13. Let g(u) = u**2 + 10*u + 12. Let t be g(-9). Suppose -10 = -t*p + 17. Determine s(p).
5
Let w(h) = 7*h**2 + 37*h - 25. Let j(z) = -4*z**2 - 18*z + 14. Let p(q) = -11*j(q) - 6*w(q). Determine p(12).
-4
Suppose 8*b = 4*b - 12. Let k(h) be the second derivative of -h**3/6 - h**2 + 50*h. Calculate k(b).
1
Suppose -2*h + 5*p = -0*h + 27, h + 21 = 5*p. Let l(i) = 4*i + 15. Let j be l(h). Let f(m) = m**2 + 10*m + 7. What is f(j)?
-2
Let d be -2 + (7 - (5 + -2)). Let j be 16/48 + d/3. Let q(u) = 4*u**2. Calculate q(j).
4
Let r(m) = -m**3 - m**2 + m + 1. Let p(a) = 5*a + 73. Let s be p(-15). What is r(s)?
3
Let p(n) = 94*n + 76*n - 2*n**2 - 175*n. Give p(-2).
2
Let u be 2/(-8 - (-14)/2). Let m(t) be the first derivative of t**5/40 - 4*t**3/3 - 3. Let o(q) be the third derivative of m(q). Determine o(u).
-6
Let n(f) = -2*f - 7. Let q be n(-6). Let u(h) = 11*h**2 + 25*h - 26. Let y(z) = 8*z**2 + 17*z - 18. Let i(t) = -5*u(t) + 7*y(t). Give i(q).
-1
Let p(l) = l**3 - 4*l**2 - l - 1. Let g(y) = y**3 - 9*y**2 + 11*y + 6. Let s be g(8). Let n(t) = -5*t - 4. Let k be n(-8). Let z be k/s*10/3. Calculate p(z).
-5
Let a(h) = 18*h**2 - 34*h + 3. Let x(z) = 6*z**2 - 12*z + 1. Let q(g) = -6*a(g) + 17*x(g). Let v be -3 + (5 - 0) - 1*3. Give q(v).
-7
Let c be (-2)/(-4)*12/(-1). Let r(a) = 5*a**3 - 7*a**2 + 2*a - 1. Let l(b) = -2 - 5*b**3 - 23*b + 21*b + 3 + 6*b**2. Let h(f) = c*r(f) - 7*l(f). Determine h(1).
6
Let c(v) = -v**3 - 11*v**2 + v + 10. Let q be c(-11). Suppose -k = 2*z - 7, 0 = -3*z + k - 5*k + 18. Let b(t) = t**2 + t**2 + 0*t - 3*t**z - t. Give b(q).
0
Let d(h) be the second derivative of -h**3/6 - h**2 - 32*h + 4. Calculate d(-10).
8
Let n(x) = 2*x - 7. Suppose -11*m - 70 = -25*m. Determine n(m).
3
Let l(y) = y - 3. Suppose 0 = 3*p - 5*p - 2. Let h(g) = 0*g**2 + 1 + g**2 + g - 2*g**3 + 3*g**3. Let n be h(p). Give l(n).
-3
Let p(o) be the third derivative of -o**5/20 + o**4/6 + o**3/2 + 10*o**2. Suppose 3*z + 5*f - 14 = 0, 0 = 5*z - 3*z + 5*f - 16. Calculate p(z).
-17
Let m(d) be the first derivative of -4*d - 8 - 3/2*d**2. Calculate m(-3).
5
Let a be 0/2 - 1 - 3/(-1). Let m(b) = -b**a + 64 + 22*b - 73 - 12*b. What is m(7)?
12
Let t(c) = -8*c**3 + 4*c**2 - 7*c - 5. Let n(i) = 5*i**3 - 3*i**2 + 4*i + 3. Let v(k) = -5*n(k) - 3*t(k). Calculate v(3).
3
Let i(r) = 6*r - 3. Let f(t) = -13*t + 4 + 1 + 5 - 3. Let o(z) = 2*f(z) + 5*i(z). What is o(4)?
15
Let c(o) = -o**2 + 8*o + 7. Let r(j) = 2*j**2 + 2. Let t be r(0). Suppose 3*s - 19 = -3*b - t*s, -3*b + s + 25 = 0. What is c(b)?
7
Suppose -5*g = 4*n - 45 + 12, g - 12 = n. Let c = g + -14. Let y(i) = -i**3 - 6*i**2 - 7*i - 4. Determine y(c).
6
Let x(d) = 3*d**2 - 5*d - 29. Let f(w) = -w**2 + w + 10. Let h(q) = -8*f(q) - 3*x(q). Calculate h(-5).
-53
Let q(i) = i**3 - i. Let s(t) = -2*t**3 - 6*t**2 - 4*t - 2. Let w(g) = 3*q(g) + s(g). What is w(7)?
-2
Let b(f) = -6*f**3 - 2*f**2 - 5*f - 2. Let h(g) = -5*g**3 - g**2 - 4*g. Let a(j) = 6*b(j) - 7*h(j). Determine a(-5).
-2
Let y(t) = -t**2 - 268 + 20*t + 135 + 131 - 16*t. Suppose -2*g - 12 = -q - 3*q, 3*g + 5*q - 37 = 0. What is y(g)?
-2
Let t(q) = -7*q**3 - 13*q**2 + 20*q - 23. Let w(b) = -11*b**3 - 19*b**2 + 30*b - 34. Let y(c) = 8*t(c) - 5*w(c). Give y(-10).
-14
Let n(z) be the first derivative of 7*z**2 - 3*z + 92. Determine n(2).
25
Suppose 6*r = 4*r + 4. Suppose 1 = -o + r*o. Let a(t) = -10*t + 1. Give a(o).
-9
Let a = -18 + 24. Suppose -7 - 8 = -5*k, 0 = -2*g + 2*k - 6. Let f(o) = -o**3 + g*o - 2 + 6*o + 7*o**2 - 9*o. Determine f(a).
16
Let a(v) = -2*v + 2. Let c = -6 + 3. Let s = c + 6. Let r be (-1 + 0)*s - 0. Determine a(r).
8
Let t(s) = s + 5. Let v(r) = 2*r + 6. Let m(n) = 5*t(n) - 2*v(n). Calculate m(17).
30
Let z(n) = -40*n**2 + 35*n - 12. Let f(j) = 7*j**2 - 6*j + 2. Let g(c) = 34*f(c) + 6*z(c). Suppose -2 = -3*u + u, -4*y + 3*u + 13 = 0. Calculate g(y).
-12
Let y(z) = -11*z**3 - 9*z**2 - 3*z - 25. Let f(b) = -2*b**3 - 3*b**2 - 1. Let g(d) = -6*f(d) + y(d). Determine g(-9).
8
Let s(t) = -12*t - 21. Let z(b) = 5*b + 8. Let v(w) = 4*s(w) + 9*z(w). What is v(6)?
-30
Let c = 19 - 17. Let s be -18*((-14)/6 + c). Let k(y) = -y - 3*y**2 + 4*y - s*y + 0*y. What is k(-2)?
-6
Let r be (128/6)/(-4) - (-10)/(-6). Let t(a) = -18*a - 27*a + 5 + 48*a. Give t(r).
-16
Let w(v) be the first derivative of v**4/4 - 8*v**3/3 + 9*v**2/2 - 5*v + 74. Calculate w(7).
9
Let y(h) be the second derivative of -7/12*h**4 - 3/2*h**2 + 12*h - 1/20*h**5 + 0 - 2/3*h**3. Give y(-6).
-15
Suppose 2*g - 4 = 0, 84*g = 5*z + 89*g - 75. Let i(y) = -y**3 + 13*y**2 + y - 15. Calculate i(z).
-2
Let l(i) = 2*i + 11. Let r = 1432 - 1423. Determine l(r).
29
Suppose -v = -4*c + 56, -4*c - 3*v - 2*v + 80 = 0. Let l = 17 - c. Let z(i) = -5*i + 1. Give z(l).
-9
Let d(n) = -17 - 5*n**2 - 15 - n**3 + 27 + 7*n. What is d(-6)?
-11
Let l(a) = -3*a + 0*a - 6*a - 4 + 1 - a**2. What is l(-6)?
15
Let t be -11 + (-11)/22*-22. Let u(g) = g**3 - g - 24. Calculate u(t).
-24
Let s(f) be the third derivative of f**6/120 + 7*f**5/30 + f**4/2 - 11*f**3/6 - 14*f**2 + 2*f. Determine s(-13).
2
Let l(k) = -k**2 + 19*k - 46. Let r(v) = v**2 - 10*v + 40. Let f be r(6). Determine l(f).
2
Let q(w) = w + 1. Let l(i) = 2*i - 7. Let a be l(-7). Let z = -27 - a. Let d be (3/z)/((-1)/10). Determine q(d).
6
Let o(a) be the third derivative of a**7/1680 - a**6/360 - a**5/30 - 5*a**2. Let h(z) be the third derivative of o(z). Give h(-2).
-8
Let v(w) = 2*w**2 + 3*w**2 - 3*w + 2*w**2 - w**3 - 8. Let o(x) = 4*x**3 - 2*x**2 - 5*x + 6. Let a be o(0). What is v(a)?
10
Let k(m) = m**3 - 2*m**2 + m + 1. Let r be (34 - -1) + -16 + 13. Let s = r - 30. Determine k(s).
3
Let g(p) = -10*p - 124 + 266 - 143. Determine g(-1).
9
Let w be (40/(-14))/(3 + 115/(-35)). Let i(n) be the third derivative of -n**5/60 + 11*n**4/24 - 5*n**3/6 + 16*n**2. Give i(w).
5
Let r(d) = 8*d**3 + d**2 + d - 1. Suppose 4*g - 17 = -x, 5*x + 3*g - 13 = 4. Give r(x).
9
Let p(b) = 50*b - 9. Let o(d) = -19*d + 4. Let t(f) = 5*o(f) + 2*p(f). What is t(3)?
17
Let n = 1586 + -1596. Let c(b) = b**3 + 10*b**2 - 13. Give c(n).
-13
Suppose 3*l - 12 = -l. Let d = -4 + l. Let g(y) = 12*y - 1 - 17*y + y. Determine g(d).
3
Let t(q) = -9*q + 4. Let a(h) = 3*h - 1. Let g(o) = -7*a(o) - 2*t(o). What is g(8)?
-25
Let t(j) = 4*j**2 - 18*j + 9. Let b(w) = -7*w**2 + 33*w - 17. Let q(v) = 6*b(v) + 11*t(v). What is q(-4)?
29
Suppose 4*v + 31 = 11. Let u be (-8)/(-3)*(-15)/v. Let z(b) = -3*b - 36. Let g(l) = 2*l + 19. Let s(h) = 5*g(h) + 3*z(h). Give s(u).
-5
Let w(v) be the second derivative of v**5/20 + 2*v**4/3 + v**3/2 - 4*v**2 - 18*v + 3. Give w(-8).
-32
Let y be 20/45 + (-14)/(-9). Let a(w) be the first derivative of -7/2*w**y + w - 10. Calculate a(-1).
8
Let v(s) = -12*s - 3*s**2 - 21 + 17*s**2 - 8*s**2 - 7*s**2. Calculate v(-9).
6
Let i(x) be the first derivative of -3*x**2/2 - 24*x - 197. Calculate i(-10).
6
Suppose -37 - 38 = 5*b. Let x = b - -9. Let f(c) be the first derivative of c**4/4 + 5*c**3/3 - 7*c**2/2 - 4*c - 1. What is f(x)?
2
Let x(l) = l - 10. Suppose -48 = -4*p + 4. Let v be x(